{"id":10416,"date":"2024-12-06T17:59:25","date_gmt":"2024-12-06T20:59:25","guid":{"rendered":"https:\/\/mojo.org.br\/loja\/?post_type=product&#038;p=10416"},"modified":"2026-03-01T12:47:00","modified_gmt":"2026-03-01T15:47:00","slug":"libelula","status":"publish","type":"product","link":"https:\/\/mojo.org.br\/loja\/produtos\/libelula\/","title":{"rendered":"Lib\u00e9lula"},"content":{"rendered":"<p>\u201cConfesso a Deus Pai Todo-Poderoso&#8230; Que amei&#8230; &#8230; quem nega o amor, em qualquer um de seus aspectos ou formas, vive na escurid\u00e3o e no sil\u00eancio, como um perdido servo da desesperan\u00e7a.\u201d<\/p>\n<p>Lib\u00e9lula \u00e9 um livro sobre o amor. Uma hist\u00f3ria que transcende preconceitos e dores em dire\u00e7\u00e3o ao mais profundo de si mesmo. Com delicadeza e primor, Marcos Lacerda narra a trajet\u00f3ria de Jos\u00e9, que, marcado por um passado dif\u00edcil e um futuro imprevis\u00edvel, descobre no amor a for\u00e7a para transpor as dores de uma vida inteira.<\/p>\n<p>Jos\u00e9 \u00e9 um jovem sertanejo. Ao perder a m\u00e3e t\u00e3o precocemente, ele se v\u00ea diante de um destino cheio de dor e de fome. Nem leite, nem mel, nem jardim, nem para\u00edso, apenas o sol, queimando a f\u00e9 dos que j\u00e1 n\u00e3o conseguiam mais ter sonhos. Diante de tanta dor e desamparo, Jos\u00e9 segue os dias em total abandono, mas mal sabia que seu destino estava prestes a mudar. Como que por um milagre, Padre Manuel lhe prop\u00f5e novas possibilidades e um futuro que poderia ser promissor. Era uma tarde em 1949, quando chegam ao destino. Jos\u00e9 agora ser\u00e1 um seminarista. A fome ficara para tr\u00e1s, por\u00e9m, assim como uma lib\u00e9lula, ele seguir\u00e1 seus dias em um casulo, em um ambiente austero, rodeado de preconceitos e de normas que restringem sua subjetividade e sua forma de amar. Lib\u00e9lula \u00e9 um livro sobre afeto, um livro sobre amar. A hist\u00f3ria de Jos\u00e9 pode ser a hist\u00f3ria de qualquer um de n\u00f3s, de algu\u00e9m que, ao amar verdadeiramente, descobre sua pr\u00f3pria ess\u00eancia. Neste romance, Marcos Lacerda trata de amor de uma forma sens\u00edvel e, ao mesmo tempo, cr\u00edtica, pois ao tocar nas contrariedades da vida, toca em quest\u00f5es sociais importantes, que impedem que os mist\u00e9rios do amor possam ser vividos livremente. Lib\u00e9lula liberta para a certeza de que, por mais que haja sofrimento, o amor perdura mesmo ap\u00f3s a morte.<\/p>\n","protected":false},"excerpt":{"rendered":"<p>Lib\u00e9lula \u00e9 um livro sobre o amor. Uma hist\u00f3ria que transcende preconceitos e dores em dire\u00e7\u00e3o ao mais profundo de si mesmo. Com delicadeza e primor, Marcos Lacerda narra a trajet\u00f3ria de Jos\u00e9, que, marcado por um passado dif\u00edcil e um futuro imprevis\u00edvel, descobre no amor a for\u00e7a para transpor as dores de uma vida inteira.<\/p>\n","protected":false},"featured_media":13202,"comment_status":"open","ping_status":"closed","template":"","meta":[],"pwb-brand":[],"product_brand":[],"product_cat":[15,165,160,162,158],"product_tag":[],"class_list":{"0":"post-10416","1":"product","2":"type-product","3":"status-publish","4":"has-post-thumbnail","6":"product_cat-livros","7":"product_cat-mojohumor","8":"product_cat-autores","9":"product_cat-impresso","10":"product_cat-terra-incognita","11":"product_shipping_class-impressos","13":"first","14":"instock","15":"purchasable","16":"product-type-simple"},"brands":[],"_links":{"self":[{"href":"https:\/\/mojo.org.br\/loja\/wp-json\/wp\/v2\/product\/10416","targetHints":{"allow":["GET"]}}],"collection":[{"href":"https:\/\/mojo.org.br\/loja\/wp-json\/wp\/v2\/product"}],"about":[{"href":"https:\/\/mojo.org.br\/loja\/wp-json\/wp\/v2\/types\/product"}],"replies":[{"embeddable":true,"href":"https:\/\/mojo.org.br\/loja\/wp-json\/wp\/v2\/comments?post=10416"}],"wp:featuredmedia":[{"embeddable":true,"href":"https:\/\/mojo.org.br\/loja\/wp-json\/wp\/v2\/media\/13202"}],"wp:attachment":[{"href":"https:\/\/mojo.org.br\/loja\/wp-json\/wp\/v2\/media?parent=10416"}],"wp:term":[{"taxonomy":"pwb-brand","embeddable":true,"href":"https:\/\/mojo.org.br\/loja\/wp-json\/wp\/v2\/pwb-brand?post=10416"},{"taxonomy":"product_brand","embeddable":true,"href":"https:\/\/mojo.org.br\/loja\/wp-json\/wp\/v2\/product_brand?post=10416"},{"taxonomy":"product_cat","embeddable":true,"href":"https:\/\/mojo.org.br\/loja\/wp-json\/wp\/v2\/product_cat?post=10416"},{"taxonomy":"product_tag","embeddable":true,"href":"https:\/\/mojo.org.br\/loja\/wp-json\/wp\/v2\/product_tag?post=10416"}],"curies":[{"name":"wp","href":"https:\/\/api.w.org\/{rel}","templated":true}]}}