{"id":11675,"date":"2025-02-03T13:40:20","date_gmt":"2025-02-03T16:40:20","guid":{"rendered":"https:\/\/mojo.org.br\/loja\/?post_type=product&#038;p=11675"},"modified":"2026-03-31T18:32:42","modified_gmt":"2026-03-31T21:32:42","slug":"um-frances-no-brasil","status":"publish","type":"product","link":"https:\/\/mojo.org.br\/loja\/produtos\/um-frances-no-brasil\/","title":{"rendered":"Um franc\u00eas no Brasil"},"content":{"rendered":"<p><b>As aventuras de Paul Cabannes tentando decifrar o Brasil, agora em livro ilustrado!<\/b><\/p>\n<p><span style=\"font-weight: 400;\">Paul pegou suas melhores ironias, choques culturais e descobertas sobre o Brasil e transformou tudo em cartuns hil\u00e1rios. De conversas do bar ao psic\u00f3logo, Um Franc\u00eas no Brasil \u00e9 um retrato bem-humorado do pa\u00eds visto pelo gringo que j\u00e1 virou quase brasileiro.<\/span><\/p>\n","protected":false},"excerpt":{"rendered":"<p><strong>As aventuras de Paul Cabannes tentando decifrar o Brasil, agora em livro ilustrado!<\/strong><\/p>\n<p>Paul pegou suas melhores ironias,\u00a0choques culturais e descobertas sobre\u00a0o Brasil e transformou tudo em cartuns hil\u00e1rios. De conversas do bar ao psic\u00f3logo, Um Franc\u00eas no Brasil \u00e9 um retrato bem-humorado do pa\u00eds visto pelo grigo que j\u00e1 virou quase brasileiro.<\/p>\n","protected":false},"featured_media":13497,"comment_status":"open","ping_status":"closed","template":"","meta":[],"pwb-brand":[],"product_brand":[],"product_cat":[15,165,160,162],"product_tag":[],"class_list":{"0":"post-11675","1":"product","2":"type-product","3":"status-publish","4":"has-post-thumbnail","6":"product_cat-livros","7":"product_cat-mojohumor","8":"product_cat-autores","9":"product_cat-impresso","10":"product_shipping_class-impressos","12":"first","13":"instock","14":"taxable","15":"shipping-taxable","16":"purchasable","17":"product-type-simple"},"brands":[],"_links":{"self":[{"href":"https:\/\/mojo.org.br\/loja\/wp-json\/wp\/v2\/product\/11675","targetHints":{"allow":["GET"]}}],"collection":[{"href":"https:\/\/mojo.org.br\/loja\/wp-json\/wp\/v2\/product"}],"about":[{"href":"https:\/\/mojo.org.br\/loja\/wp-json\/wp\/v2\/types\/product"}],"replies":[{"embeddable":true,"href":"https:\/\/mojo.org.br\/loja\/wp-json\/wp\/v2\/comments?post=11675"}],"wp:featuredmedia":[{"embeddable":true,"href":"https:\/\/mojo.org.br\/loja\/wp-json\/wp\/v2\/media\/13497"}],"wp:attachment":[{"href":"https:\/\/mojo.org.br\/loja\/wp-json\/wp\/v2\/media?parent=11675"}],"wp:term":[{"taxonomy":"pwb-brand","embeddable":true,"href":"https:\/\/mojo.org.br\/loja\/wp-json\/wp\/v2\/pwb-brand?post=11675"},{"taxonomy":"product_brand","embeddable":true,"href":"https:\/\/mojo.org.br\/loja\/wp-json\/wp\/v2\/product_brand?post=11675"},{"taxonomy":"product_cat","embeddable":true,"href":"https:\/\/mojo.org.br\/loja\/wp-json\/wp\/v2\/product_cat?post=11675"},{"taxonomy":"product_tag","embeddable":true,"href":"https:\/\/mojo.org.br\/loja\/wp-json\/wp\/v2\/product_tag?post=11675"}],"curies":[{"name":"wp","href":"https:\/\/api.w.org\/{rel}","templated":true}]}}