{"id":13949,"date":"2025-11-07T09:48:56","date_gmt":"2025-11-07T12:48:56","guid":{"rendered":"https:\/\/mojo.org.br\/loja\/?post_type=product&#038;p=13949"},"modified":"2026-04-06T20:26:05","modified_gmt":"2026-04-06T23:26:05","slug":"a-sutil-arte-de-ser-toxico","status":"publish","type":"product","link":"https:\/\/mojo.org.br\/loja\/produtos\/a-sutil-arte-de-ser-toxico\/","title":{"rendered":"A sutil arte de ser t\u00f3xico"},"content":{"rendered":"<p>Chega de positividade t\u00f3xica! Passou da hora j\u00e1 de voc\u00ea abra\u00e7ar seu lado zica com estilo e t\u00e9cnica. A Sutil Arte de Ser T\u00f3xico \u00e9 o guia definitivo para quem cansou de ser bonzinho e descobriu que ser &#8220;problem\u00e1tico&#8221; muito mais gostoso e eficaz. Este livro \u00e9 um manifesto que ensina a transformar sua toxicidade em uma ferramenta de sobreviv\u00eancia emocional no mundo ca\u00f3tico em que vivemos.<br \/>\nDescubra seu perfil t\u00f3xico: Identifique entre 12 arqu\u00e9tipos detalhados qual \u00e9 o seu estilo \u00fanico de &#8220;estragar o clima&#8221;. Voc\u00ea \u00e9 uma Manipuladora profissional? Um Gaslighter refinado? Uma Espiritualizada Venenosa? Ou aquele Competitivo que transforma at\u00e9 uma conversa sobre o tempo em uma Olimp\u00edada emocional?<br \/>\nAo final de cada perfil \u00e9 poss\u00edvel avaliar seu grau de toxicidade e medir, de 1 a 10, o qu\u00e3o Dram\u00e1tica ou Invejoso voc\u00ea \u00e9. Aprenda e pratique frases-chave e estrat\u00e9gias para desenvolver sua traumatiza\u00e7\u00e3o elegante em cada personalidade t\u00f3xica. Desde a Manipuladora que controla com &#8220;N\u00e3o \u00e9 culpa sua\u2026 \u00e9 meu jeito de esperar demais dos outros&#8221; at\u00e9 o Indiferente que responde trag\u00e9dias emocionais com aquele &#8220;T\u00e1 bom&#8221; mortal.<br \/>\nPor fim, um teste cientificamente desenvolvido para te fazer abrir os olhos e enxergar todas as nuances de veneno. Um question\u00e1rio para diagnosticar definitivamente seu tipo de toxicidade e como potencializ\u00e1-la.<\/p>\n<p>Trechos emblem\u00e1ticos:<\/p>\n<p>&#8220;Ser t\u00f3xico \u00e9 a \u00fanica forma de ser lembrada num grupo onde todo mundo tenta ser legal.&#8221;<br \/>\n&#8220;Voc\u00ea n\u00e3o est\u00e1 destruindo uma pessoa. Voc\u00ea estar\u00e1 gerando renda e aquecendo a economia. Por tr\u00e1s de todo coment\u00e1rio cruel, h\u00e1 uma crian\u00e7a com plano odontol\u00f3gico garantido.&#8221;<br \/>\n&#8220;Fa\u00e7a terapia para se entender. Os outros que se entendam com seus pr\u00f3prios traumas. Ser uma pessoa melhor para si mesma, tudo bem. Agora, ser uma pessoa melhor para os outros? N\u00e3o.&#8221;<br \/>\n&#8220;Seja o trauma que voc\u00ea gostaria de ver no mundo.&#8221;<br \/>\nA Sutil Arte de Ser T\u00f3xico n\u00e3o promete melhorar sua vida &#8211; promete equipar voc\u00ea para o campo de batalha emocional que s\u00e3o as rela\u00e7\u00f5es humanas. Depois deste livro, voc\u00ea nunca mais ver\u00e1 uma reuni\u00e3o de fam\u00edlia ou um ambiente de trabalho da mesma forma. Afinal, como diz a autora: &#8220;O amor passa, o trauma fica&#8221;.<br \/>\nPerfeito para presentear aquela pessoa &#8220;especial&#8221; &#8211; ou para presentear a si mesmo com a liberdade de ser insuport\u00e1vel sem culpa!<\/p>\n","protected":false},"excerpt":{"rendered":"<p>Abrace seu lado t\u00f3xico e seja o trauma na vida alheia. Um guia perfeito para tornar-se uma amea\u00e7a deliciosamente insuport\u00e1vel.<\/p>\n<p><strong>Trechos emblem\u00e1ticos:<\/strong>\u201cSer t\u00f3xico \u00e9 a \u00fanica forma de ser lembrada num grupo onde todo mundo tenta ser legal.\u201d<br \/>\n\u201cVoc\u00ea n\u00e3o est\u00e1 destruindo uma pessoa. Voc\u00ea estar\u00e1 gerando renda e aquecendo a economia. Por tr\u00e1s de todo coment\u00e1rio cruel, h\u00e1 uma crian\u00e7a com plano odontol\u00f3gico garantido.\u201d<br \/>\n\u201cFa\u00e7a terapia para se entender. Os outros que se entendam com seus pr\u00f3prios traumas. Ser uma pessoa melhor para si mesma, tudo bem. Agora, ser uma pessoa melhor para os outros? N\u00e3o.\u201d<br \/>\n\u201cSeja o trauma que voc\u00ea gostaria de ver no mundo.\u201d<br \/>\nA Sutil Arte de Ser T\u00f3xico n\u00e3o promete melhorar sua vida \u2013 promete equipar voc\u00ea para o campo de batalha emocional que s\u00e3o as rela\u00e7\u00f5es humanas. Depois deste livro, voc\u00ea nunca mais ver\u00e1 uma reuni\u00e3o de fam\u00edlia ou um ambiente de trabalho da mesma forma. Afinal, como diz a autora: \u201cO amor passa, o trauma fica\u201d.<br \/>\nPerfeito para presentear aquela pessoa \u201cespecial\u201d \u2013 ou para presentear a si mesmo com a liberdade de ser insuport\u00e1vel sem culpa!<\/p>\n","protected":false},"featured_media":13951,"comment_status":"open","ping_status":"closed","template":"","meta":[],"pwb-brand":[],"product_brand":[],"product_cat":[165,162],"product_tag":[188,187,186,189],"class_list":{"0":"post-13949","1":"product","2":"type-product","3":"status-publish","4":"has-post-thumbnail","6":"product_cat-mojohumor","7":"product_cat-impresso","8":"product_tag-behn","9":"product_tag-indio","10":"product_tag-rosangela","11":"product_tag-toxico","12":"product_shipping_class-impressos","14":"first","15":"instock","16":"sale","17":"featured","18":"purchasable","19":"product-type-simple"},"brands":[],"_links":{"self":[{"href":"https:\/\/mojo.org.br\/loja\/wp-json\/wp\/v2\/product\/13949","targetHints":{"allow":["GET"]}}],"collection":[{"href":"https:\/\/mojo.org.br\/loja\/wp-json\/wp\/v2\/product"}],"about":[{"href":"https:\/\/mojo.org.br\/loja\/wp-json\/wp\/v2\/types\/product"}],"replies":[{"embeddable":true,"href":"https:\/\/mojo.org.br\/loja\/wp-json\/wp\/v2\/comments?post=13949"}],"wp:featuredmedia":[{"embeddable":true,"href":"https:\/\/mojo.org.br\/loja\/wp-json\/wp\/v2\/media\/13951"}],"wp:attachment":[{"href":"https:\/\/mojo.org.br\/loja\/wp-json\/wp\/v2\/media?parent=13949"}],"wp:term":[{"taxonomy":"pwb-brand","embeddable":true,"href":"https:\/\/mojo.org.br\/loja\/wp-json\/wp\/v2\/pwb-brand?post=13949"},{"taxonomy":"product_brand","embeddable":true,"href":"https:\/\/mojo.org.br\/loja\/wp-json\/wp\/v2\/product_brand?post=13949"},{"taxonomy":"product_cat","embeddable":true,"href":"https:\/\/mojo.org.br\/loja\/wp-json\/wp\/v2\/product_cat?post=13949"},{"taxonomy":"product_tag","embeddable":true,"href":"https:\/\/mojo.org.br\/loja\/wp-json\/wp\/v2\/product_tag?post=13949"}],"curies":[{"name":"wp","href":"https:\/\/api.w.org\/{rel}","templated":true}]}}