{"id":6651,"date":"2023-02-09T16:33:27","date_gmt":"2023-02-09T19:33:27","guid":{"rendered":"https:\/\/mojo.org.br\/loja\/?post_type=product&#038;p=6651"},"modified":"2026-03-01T12:47:00","modified_gmt":"2026-03-01T15:47:00","slug":"o-evangelho-segundo-um-humorista","status":"publish","type":"product","link":"https:\/\/mojo.org.br\/loja\/produtos\/o-evangelho-segundo-um-humorista\/","title":{"rendered":"O Evangelho segundo um humorista"},"content":{"rendered":"<p><span data-sheets-root=\"1\">Colet\u00e2nea de cr\u00f4nicas e esquetes humor\u00edsticas que oferecem leituras irreverentes de passagens b\u00edblicas.<\/span><\/p>\n","protected":false},"excerpt":{"rendered":"<p>Um livro de Afonso Padilha (n\u00e3o \u00e9 Jesus na capa, nem o Pedro de Lara!). No come\u00e7o s\u00f3 tinha uma c\u00f3pia, que se multiplicou com o milagre do esquema de pir\u00e2mide. Trata-se de um apanhado de cenas, esquetes, cr\u00f4nicas e textos de humor baseados em v\u00e1rios pontos de vista e observa\u00e7\u00f5es a respeito do velho e novo testamento. Uma esp\u00e9cie de \u201ccenas deletadas\u201d da b\u00edblia. Basicamente o livro que a bancada evang\u00e9lica costuma usar para acender churrasqueira (embora ele retorne no terceiro dia). N\u00e3o recomendado ler andando sobre a \u00e1gua.<\/p>\n","protected":false},"featured_media":13504,"comment_status":"open","ping_status":"closed","template":"","meta":[],"pwb-brand":[],"product_brand":[],"product_cat":[15,165,164,162],"product_tag":[145],"class_list":{"0":"post-6651","1":"product","2":"type-product","3":"status-publish","4":"has-post-thumbnail","6":"product_cat-livros","7":"product_cat-mojohumor","8":"product_cat-banca-do-minhoca","9":"product_cat-impresso","10":"product_tag-bancadominhoca","11":"product_shipping_class-impressos","13":"first","14":"instock","15":"purchasable","16":"product-type-simple"},"brands":[],"_links":{"self":[{"href":"https:\/\/mojo.org.br\/loja\/wp-json\/wp\/v2\/product\/6651","targetHints":{"allow":["GET"]}}],"collection":[{"href":"https:\/\/mojo.org.br\/loja\/wp-json\/wp\/v2\/product"}],"about":[{"href":"https:\/\/mojo.org.br\/loja\/wp-json\/wp\/v2\/types\/product"}],"replies":[{"embeddable":true,"href":"https:\/\/mojo.org.br\/loja\/wp-json\/wp\/v2\/comments?post=6651"}],"wp:featuredmedia":[{"embeddable":true,"href":"https:\/\/mojo.org.br\/loja\/wp-json\/wp\/v2\/media\/13504"}],"wp:attachment":[{"href":"https:\/\/mojo.org.br\/loja\/wp-json\/wp\/v2\/media?parent=6651"}],"wp:term":[{"taxonomy":"pwb-brand","embeddable":true,"href":"https:\/\/mojo.org.br\/loja\/wp-json\/wp\/v2\/pwb-brand?post=6651"},{"taxonomy":"product_brand","embeddable":true,"href":"https:\/\/mojo.org.br\/loja\/wp-json\/wp\/v2\/product_brand?post=6651"},{"taxonomy":"product_cat","embeddable":true,"href":"https:\/\/mojo.org.br\/loja\/wp-json\/wp\/v2\/product_cat?post=6651"},{"taxonomy":"product_tag","embeddable":true,"href":"https:\/\/mojo.org.br\/loja\/wp-json\/wp\/v2\/product_tag?post=6651"}],"curies":[{"name":"wp","href":"https:\/\/api.w.org\/{rel}","templated":true}]}}