{"id":8447,"date":"2024-11-01T18:00:41","date_gmt":"2024-11-01T21:00:41","guid":{"rendered":"https:\/\/mojo.org.br\/loja\/?post_type=product&#038;p=8447"},"modified":"2026-03-20T08:22:01","modified_gmt":"2026-03-20T11:22:01","slug":"34-motivos-para-nao-fazer-o-caminho-de-santiago","status":"publish","type":"product","link":"https:\/\/mojo.org.br\/loja\/produtos\/34-motivos-para-nao-fazer-o-caminho-de-santiago\/","title":{"rendered":"34 motivos para N\u00c3O fazer o Caminho de Santiago"},"content":{"rendered":"<p>Uma divertida e ir\u00f4nica colet\u00e2nea sobre os desafios e absurdos do Caminho de Santiago. Guilherme Jotap\u00ea mistura desaforismos e ilustra\u00e7\u00f5es para transformar perrengues em boas risadas, revelando um lado leve e inesperado da jornada. Ideal para quem quer rir das dificuldades e, no fundo, amar a experi\u00eancia.<\/p>\n<p>Capa Cart\u00e3o, 11.5 x 18.3 cm, 80 p\u00e1ginas P&amp;B<\/p>\n","protected":false},"excerpt":{"rendered":"<p>Uma divertida e ir\u00f4nica colet\u00e2nea sobre os desafios e absurdos do Caminho de Santiago. Guilherme Jotap\u00ea mistura desaforismos e ilustra\u00e7\u00f5es para transformar perrengues em boas [&#8230;]<\/p>\n","protected":false},"featured_media":13213,"comment_status":"open","ping_status":"closed","template":"","meta":[],"pwb-brand":[],"product_brand":[],"product_cat":[15,165,160,162],"product_tag":[],"class_list":{"0":"post-8447","1":"product","2":"type-product","3":"status-publish","4":"has-post-thumbnail","6":"product_cat-livros","7":"product_cat-mojohumor","8":"product_cat-autores","9":"product_cat-impresso","10":"product_shipping_class-impressos","12":"first","13":"outofstock","14":"purchasable","15":"product-type-simple"},"brands":[],"_links":{"self":[{"href":"https:\/\/mojo.org.br\/loja\/wp-json\/wp\/v2\/product\/8447","targetHints":{"allow":["GET"]}}],"collection":[{"href":"https:\/\/mojo.org.br\/loja\/wp-json\/wp\/v2\/product"}],"about":[{"href":"https:\/\/mojo.org.br\/loja\/wp-json\/wp\/v2\/types\/product"}],"replies":[{"embeddable":true,"href":"https:\/\/mojo.org.br\/loja\/wp-json\/wp\/v2\/comments?post=8447"}],"wp:featuredmedia":[{"embeddable":true,"href":"https:\/\/mojo.org.br\/loja\/wp-json\/wp\/v2\/media\/13213"}],"wp:attachment":[{"href":"https:\/\/mojo.org.br\/loja\/wp-json\/wp\/v2\/media?parent=8447"}],"wp:term":[{"taxonomy":"pwb-brand","embeddable":true,"href":"https:\/\/mojo.org.br\/loja\/wp-json\/wp\/v2\/pwb-brand?post=8447"},{"taxonomy":"product_brand","embeddable":true,"href":"https:\/\/mojo.org.br\/loja\/wp-json\/wp\/v2\/product_brand?post=8447"},{"taxonomy":"product_cat","embeddable":true,"href":"https:\/\/mojo.org.br\/loja\/wp-json\/wp\/v2\/product_cat?post=8447"},{"taxonomy":"product_tag","embeddable":true,"href":"https:\/\/mojo.org.br\/loja\/wp-json\/wp\/v2\/product_tag?post=8447"}],"curies":[{"name":"wp","href":"https:\/\/api.w.org\/{rel}","templated":true}]}}